f z?
1
Suppose -3*y - 54 = -9. Let o be 18/y*(-5)/3. What is the units digit of 18 - (2 + -1 - o)?
9
Suppose 23*a - 93 = -231. What is the tens digit of (-6658)/(-4) - (a - (-126)/28)?
6
Suppose 15*t - 81 = 6*t. Suppose -4*b - v = -378, 3*v + 3 = t. Suppose -2*q = 4*z - b, 4*q - 2*z - 2*z = 128. What is the units digit of q?
7
Suppose 46644 = -6*q + 18*q. Suppose -g = 12*g - q. What is the tens digit of g?
9
Let l(t) = -25 + 2*t - 14*t - 15*t. What is the tens digit of l(-3)?
5
Let j(y) = -y + 4. Let c be j(-4). Let r(n) = -5*n**2 - 25*n - 11. Let d(p) = 8*p**2 + 49*p + 22. Let l(v) = 3*d(v) + 5*r(v). What is the tens digit of l(c)?
2
Let k(u) = 10*u**2 + 62*u + 50. Let l(w) = 7*w**2 + 41*w + 33. Let n = -90 + 85. Let o(s) = n*k(s) + 7*l(s). What is the units digit of o(-17)?
3
Let s = -1719 + 3983. Suppose 0 = -10*m + s + 1606. What is the tens digit of m?
8
Let u(s) = -24*s**3 + 7*s**2 - 4*s - 68. What is the units digit of u(-6)?
2
What is the thousands digit of 22/165 + 10513545/225?
6
Let o = -37 - -57. Suppose -7 = -c - 4*c - 3*a, -4*c - o = -4*a. What is the tens digit of (188/c)/(-2) + 1?
9
Let p(c) = 18*c**2 + 12*c - 17. Let l(b) = 10*b**2 + 6*b - 8. Let v(r) = 5*l(r) - 2*p(r). What is the tens digit of v(2)?
6
Suppose -o + 2*s + 2043 = 0, -5*o = -s - 4407 - 5817. What is the hundreds digit of o?
0
Let q(n) = n**3. Let m be q(0). Suppose m = 6*r - 18 - 18. Suppose 4*o + 358 = 3*d, -3*o = -5*d - r*o + 616. What is the hundreds digit of d?
1
Let k(q) = -3*q**2 - 3*q + 16706. What is the thousands digit of k(0)?
6
Let y(n) = 1549*n + 5050. What is the ten thousands digit of y(23)?
4
Suppose -t + 2*p = -3*t + 10, 4*p = 3*t + 6. Suppose -2*k - 1610 = -3*d, -t*d = -4*k + 2*k - 1076. What is the units digit of d?
4
Suppose 6 = 6*s - 24. Suppose u = 2*m + 4*u - 1749, -s*u + 25 = 0. What is the tens digit of m?
6
Let g = 330 - 153. Suppose -7*l + 8*l = g. Let n = -71 + l. What is the tens digit of n?
0
Let y(r) = 4*r + 16. Let c(g) = g + 3. Let b(v) = -22*c(v) + 4*y(v). Suppose -z + 60 = 62. What is the units digit of b(z)?
0
Let c(j) = -114*j - 1060. What is the thousands digit of c(-76)?
7
Suppose -16 = i + c, 4*i - c = -2*c - 58. Let f(n) = n + 16. Let x be f(i). Suppose -3*r + 172 = r + x*w, -5*w = 10. What is the tens digit of r?
4
Let v(p) = 185*p - 2308. What is the tens digit of v(58)?
2
Suppose -14145 = 8*d - 39313. Suppose 0 = 4*q - 5*x - 3131, q + 3*q - 2*x - d = 0. Suppose 3429 = 12*s + q. What is the hundreds digit of s?
2
What is the units digit of (-320)/(-24)*(-7 - 7014/(-12))?
0
Let a(m) = -3*m + 304. Let o(y) = y - 152. Let b(x) = -6*a(x) - 13*o(x). What is the units digit of b(32)?
2
Suppose -5*z + 2*y = -2246, 5*z - 922 - 1309 = -3*y. What is the hundreds digit of (2 - -2) + z + -17?
4
Let n(w) = w**3 - 55*w**2 + 62*w + 119. What is the tens digit of n(56)?
2
Suppose 2*r - 16*t + 12*t = -566, -277 = r - 5*t. Let n = r + 893. What is the hundreds digit of n?
6
What is the ten thousands digit of ((-784)/64 - -14) + (-51469)/(-4)?
1
Let h(y) = -4*y**2 + 9*y - 11. Let u be h(7). Let d be (u/168)/(-2*6/56). Suppose 3*k - 7*k = -2*g + 548, -d*k + 1072 = 4*g. What is the units digit of g?
0
Let q(c) = c + 1. Let k(o) = -4*o**2 - 20*o + 15. Let t(r) = -k(r) - q(r). What is the tens digit of t(4)?
2
Let i(s) = -86*s**3 - 3*s**2 + 34*s + 88. What is the tens digit of i(-7)?
0
Suppose -37*y - 33*y - 30*y + 950500 = 0. What is the tens digit of y?
0
Let r be (-47 + 3)*2/(-4). Suppose -r*c = -3457 - 4661. What is the hundreds digit of c?
3
Let c be (-4)/18 - 58/(-18). Suppose 3*d + 4*p - 657 + 2 = 0, 2*d = p + 411. Suppose 2*a + 2 = 0, k + c*a - d = -2*a. What is the tens digit of k?
1
Let v = -88 + 26. Let u be (-5)/(-4 + -1) - v. Suppose 0 = -6*l + 363 + u. What is the units digit of l?
1
Let c = -78 - -521. Let j = c - 253. What is the units digit of j?
0
Suppose -4*u = 6*x - 3*x - 10378, 2*x = 5*u - 13007. What is the thousands digit of u?
2
Let w be (48/20)/6*1490/2. Suppose 4*d = -5*s + 1020, 0 = -4*s - 4*d + w + 518. Let v = -127 + s. What is the units digit of v?
7
Let k = -144 - -147. Suppose -2*r = r - 4*j - 2847, -k*j - 4734 = -5*r. What is the units digit of r?
5
What is the tens digit of (0 - -331)*((-23)/(-6) - (-20)/120)?
2
Suppose -5*i - 15*i = 0. Suppose 4*v + 3*n - 1885 = i, 4*v - 1726 - 166 = 4*n. What is the units digit of v?
2
Suppose 0 = d - 2*k + 6*k + 28, 52 = -4*d + 4*k. Let p = 172 + d. Suppose 10*s - p - 14 = 0. What is the units digit of s?
7
Let g be (-1)/1 + (3 - (-8)/(-8)). Let n(p) = 82*p**2 + 5*p - 1. Let b be n(g). What is the tens digit of 5/((-20)/(-4))*b?
8
Let c = 154 - 481. Let g = c - -773. What is the hundreds digit of g?
4
Suppose -145 = -p + 526. Let b = p - 267. What is the hundreds digit of b?
4
What is the ten thousands digit of 28108/((-408)/(-153) + 2/(-6)*2)?
1
Let c(l) = -27*l**3 + l**2 - 4*l + 1. Let t be c(-2). Let f = -89 + t. What is the hundreds digit of f?
1
Let g be 18/(-63) - (-247)/7. Let y = g + -29. Suppose 0 = y*a - 7*a + 99. What is the tens digit of a?
9
Let d = -638 - -638. Suppose d = -56*p + 58*p - 2172. What is the thousands digit of p?
1
Let s(x) = -16 + 8*x - 27*x - 62*x - 97*x. What is the units digit of s(-2)?
0
Let r(j) = 9*j**2 + j + 121. Let h be r(-36). Suppose 8161 = 11*d - h. What is the thousands digit of d?
1
Suppose y - 2*y = -139. Let o(n) = -n**3 + 11*n**2 + 7*n - 92. Let g be o(10). Let j = y - g. What is the tens digit of j?
6
Let f(y) = -227*y - 1345. What is the units digit of f(-18)?
1
Let g(i) be the first derivative of i**4/4 + 14*i**3/3 + 13*i**2/2 + 57*i + 97. What is the units digit of g(-9)?
5
Let b = -7 + 12. Suppose 0*f = -5*f, b*f = -h + 4. Suppose h*i - 63 = -3*u, 2*i - 9 = 4*u - u. What is the tens digit of i?
1
What is the ten thousands digit of (-984)/10*78020/(-752)?
1
Let h be ((-885)/75)/((-1)/5). Let u(f) = -f**3 + 7*f**2 + 8*f + 2. Let t be u(8). Suppose -t*n + h = i, -3*i - n = n - 165. What is the tens digit of i?
5
Let s be -963*((-2)/9)/(17/102). Let b = -601 + s. What is the hundreds digit of b?
6
Suppose 0 = 227*v - 424*v + 2382124. What is the units digit of v?
2
Let f(z) = -z**3 - 6*z**2 - 8*z - 5. Let o be f(-5). Suppose 3*x = b - 99, -3*x + 153 = 147. What is the units digit of 350/b*(1 - (-266)/o)?
2
Suppose 2 - 57 = -5*m. Suppose -m*o - 304 = -4715. What is the units digit of o?
1
Suppose 0 = 2*j + 3*b + 33, -7*j + 8*j + 5*b + 34 = 0. What is the tens digit of (-24)/j*(6 + 35 + 1)?
1
Let n = 39 - 47. Let r be n/6*18/4. What is the tens digit of (-404)/r + 4/6?
6
Let a(m) = -m - 4. Let w be a(-6). Suppose w*k = -k + 3. What is the tens digit of (k + 162/4)*(2 + 0)?
8
Let r(n) = 6*n - 4. Let m be r(-7). Suppose 0 = -3*z + 5*i - 112, 3*z + 4*i = 8*z + 178. Let t = z - m. What is the tens digit of t?
1
Let h(c) be the third derivative of 37*c**4/12 - 11*c**3/3 + 3*c**2. Suppose 2*u + 2 = 4*q, -5*q + 70*u - 66*u - 2 = 0. What is the tens digit of h(q)?
2
What is the units digit of 4 - (10 + 4 + -19 - 6640)?
9
Let t(u) = 6*u**3 - 29*u**2 + 11*u - 5. Let d(q) = -q**3 - 4*q**2 - 5*q - 4. Let a be d(-3). Let l be (0 - a) + (6 - -1). What is the units digit of t(l)?
5
Let u(v) = -59*v - 2. Let j(b) = -61*b - 1. Let w(g) = 2*j(g) - 3*u(g). What is the units digit of w(10)?
4
Let n = 925 + -926. What is the units digit of (-10)/((2/(-194))/n*-1)?
0
Let z = -3350 + 4993. What is the thousands digit of z?
1
Let z = -65 + 84. Let n(j) = j**2 + 13*j - 45. What is the tens digit of n(z)?
6
Let k(v) = 2419*v + 363. What is the hundreds digit of k(3)?
6
Let d = -25288 - -31501. What is the thousands digit of d?
6
Let g = 15350 - -19467. What is the thousands digit of g?
4
Let h be (1 - 0/(-1))*-1. Let j be 10/6*((-12)/10)/h. Suppose 0 = -j*x - 47 + 213. What is the tens digit of x?
8
Suppose 8 = -4*c + 28. Suppose -3*y + 4*r = -y - 68, c*y = -r + 225. What is the tens digit of y?
4
Let c(n) = n**3 + 12*n**2 + 9. Let j be c(-12). Suppose -j*w + 12 = -6. What is the units digit of 6/2*w/3?
2
Let k(q) = 56*q - 34. Let y be k(-3). Let d = y - -1562. What is the thousands digit of d?
1
Let w(j) = j**3 - 5*j**2 + 5*j + 6. Let r = -37 + 36. Let p be (4 - 5)/r - -2. What is the units digit of w(p)?
3
Suppose 5*z = t + 3195 - 10587, 2*t - 1481